 digit of t(-6)?
1
Let p(w) = -w**3 - 3*w**2 + w + 2. Let r be 72/(-16) + 2/4. What is the tens digit of p(r)?
1
Let r(b) = b**3 - 9*b**2 + 3. Let i be r(9). Suppose -i = 4*h - 23. What is the units digit of h?
5
Let l(c) = 14*c - 2. What is the units digit of l(2)?
6
Let i(r) = r + 9. Suppose 0 = 5*z + 5*g - 20, g - 3*g = -z + 10. What is the tens digit of i(z)?
1
Suppose 82 = 2*x - f, 5*f - 82 = -5*x + 153. Suppose -2*u = 3*r - 7*u - 17, -5*r + x = -u. Let l = -2 + r. What is the units digit of l?
7
Let f(z) = 2*z - 7. Let v be f(6). Let t be -2 - v*(-8 + -2). Suppose -15 = 5*b, 0 = 2*k - 4*b + 18 - t. What is the units digit of k?
9
Let g = 14 - 6. Let q = 44 - 31. Suppose -c - 5*u = 3*c - q, -2*c - 4*u = -g. What is the units digit of c?
2
Let z(p) = -27*p - 4. What is the tens digit of z(-2)?
5
Suppose m + 2*m + 3*x - 90 = 0, -m - 2*x + 32 = 0. Suppose m = -p - p. What is the units digit of 8/36 + p/(-18)?
1
Let t be 410/14 + (-6)/21. Suppose 4*w - 80 = 4*h, -w + 8*h = 4*h - t. Suppose w = b - 0*b. What is the units digit of b?
7
Let q(j) = j**2 - 1. Let h be q(1). Suppose -t + 2 = -h*t. Suppose 3*f - 13 = -t*u + 4*f, f = -5*u + 15. What is the units digit of u?
4
Let k(b) = -3*b + 10. What is the units digit of k(-19)?
7
Let w(a) = a**2 + 2*a. Let p be w(-2). Let x = p + 12. What is the units digit of x?
2
Let o(h) = 2*h - 2. Let v be (-2)/8 - 13/(-4). Let j be o(v). Suppose 0 = -i + 2*c + 18, -7 - 10 = -j*i - 3*c. What is the units digit of i?
8
Suppose -4*q + 49 + 83 = 0. What is the tens digit of (q/(-6))/(4/(-8))?
1
Let d(u) = 4*u - 2. Let w be d(2). Suppose 0*a - 3 = -3*a + 3*r, -3*r + w = 0. What is the units digit of a?
3
Suppose -4*g = -g - 198. What is the tens digit of g?
6
Let r(o) = o**3 - o**2 + o - 1. Let x be r(1). Let n(a) = a - 9. Let m be n(x). What is the units digit of ((-15)/m - -1)*3?
8
Suppose 7*l - 582 = -29. What is the units digit of l?
9
Suppose -h = 2*h + k - 7, 5*h = 2*k + 8. Suppose -h*w + 3*w = 8. What is the units digit of w?
8
Let t = -20 - -35. What is the units digit of t?
5
Let i(d) = -12*d + 9. Let q(l) = -l. Let n(f) = -i(f) + 15*q(f). What is the units digit of n(-6)?
9
Let t(k) = 10*k**3 - 2*k**2 - 4. What is the units digit of t(2)?
8
Suppose -5*a - 4*n + 65 = 0, -6*a + 2*a = -n - 52. What is the tens digit of a?
1
Let i(c) be the first derivative of -c**3/3 + c**2/2 + 4*c + 1. What is the units digit of i(0)?
4
Let n = -2 - -44. What is the tens digit of n?
4
Suppose -t = 3*c - 109, c + 2*t + 8 - 41 = 0. What is the units digit of c?
7
Let i be 21/9 - (-4)/6. Let a(c) = c. What is the units digit of a(i)?
3
Suppose 0 = 2*q - 82 + 24. What is the units digit of q?
9
Suppose -4*o + 6 = -2*o. Suppose -2*n - 41 = -o*n. What is the units digit of n?
1
Suppose 1 = -w - 2. Let j = w + 3. Let d(c) = c**2 + 6. What is the units digit of d(j)?
6
Suppose -5*x - 2*p = 34, -3*x - p - 12 - 9 = 0. What is the tens digit of (-1236)/(-27) + x/(-36)?
4
Suppose -4*r = -2*r. Suppose 0 = i - g - 8, -4*i - 3*g + 77 = 2*g. Suppose r*z - i = -z. What is the units digit of z?
3
Let r = -32 - -53. What is the units digit of r?
1
Let s be (-4)/(-10) - (-462)/(-55). What is the tens digit of (-4)/(-8)*8 - s?
1
Let d = 0 + 0. Suppose d = 3*o + c - 12, o - 4*c - c - 4 = 0. Suppose 2*n = 12 - o. What is the units digit of n?
4
Let v(w) = -23*w + 2. Let t(c) = -24*c + 3. Let r(j) = 3*t(j) - 4*v(j). What is the tens digit of r(1)?
2
Suppose 0 = -4*d - h + 112 + 63, -3*d + 5*h + 160 = 0. Let t = d + -31. Suppose -t = -3*p + 4. What is the units digit of p?
6
Let h(l) = -l**3 + 6*l**2 - 4*l - 2. Let i be h(6). Let t = -16 - i. What is the tens digit of t?
1
Let g = -12 - -3. Let t be (-1 + g)*(-3)/2. Suppose -r + 6*r - t = 0. What is the units digit of r?
3
Suppose -j = -2*j + 4. Suppose -3*q = 2*b - j, 4*q + 2*b = 2*q. Suppose -q*z + 9 = -23. What is the units digit of z?
8
Let u(o) = -2*o**2 + 0*o + 8*o**2 + o + o**3 + 3. Let i be u(-3). Let c = i + -17. What is the tens digit of c?
1
Let z(s) be the third derivative of -s**7/840 + s**5/60 + s**2. Let o(l) be the third derivative of z(l). What is the units digit of o(-2)?
2
Suppose -5 = -a, 0*c + c = -2*a + 14. What is the units digit of c?
4
Suppose -4*f - p + 90 = 10, -2*f + 3*p = -40. Suppose -3*j - 5*v = 37, -5*j - 10 = -4*v + 27. Let c = j + f. What is the units digit of c?
1
Let a = 6 - 4. Let r(b) = b + 2. Let h be r(a). Suppose 0 = -h*q + 15 + 5. What is the units digit of q?
5
Suppose -i + 19 = -108. What is the tens digit of i?
2
What is the units digit of 1*15/10*20?
0
Suppose -3*u + 69 = -4*u. What is the units digit of u/6*(0 + -4)?
6
Suppose 2*c = -2*c. Suppose -4*n + c*x + 2*x - 6 = 0, -4*n + 15 = 5*x. Let q = 7 - n. What is the units digit of q?
7
Let r(k) = k**2 - 6*k - 1. Let s be r(5). Let n(q) = -q**3 - 6*q**2 - q + 7. What is the tens digit of n(s)?
1
Suppose 0 = n - 5*a + 3 - 8, -n = -a + 3. Let o = n - -4. What is the tens digit of (-2)/((-3)/(14 - o))?
1
What is the units digit of (54/10)/((-9)/(-30))?
8
Let n(z) = z**3 + 6*z**2 - 2*z + 3. Let t = -3 - 3. What is the tens digit of n(t)?
1
Suppose -5*p = 3*y - 39, -42 = -p - 4*p - 4*y. Let d be (-4)/p*(2 - 29). Suppose 3*l + 45 = 4*u, l - 4*l + d = 3*u. What is the units digit of u?
9
Let d(o) = -o - 2. Let j be (1 - 1)/(2 + -3). Let p be 4 - 4 - (6 - j). What is the units digit of d(p)?
4
Let k = 203 + -126. What is the units digit of k?
7
Let d(z) = z**2 + 4*z + 1. Let l be 2/(-6) - (-28)/(-6). What is the units digit of d(l)?
6
Let x(t) = -2*t + 1. What is the units digit of x(0)?
1
Suppose 5*r - 1245 = r + z, -z - 934 = -3*r. What is the units digit of r?
1
Let o = -277 - -166. Let c = 30 - 15. What is the units digit of 3/5 - o/c?
8
Let n be 2*(-3)/(-2)*1. Let j be n + 1 + (-4)/2. Suppose -3*q + 0*q + j = 4*d, 0 = -4*q + d + 28. What is the units digit of q?
6
Let n(u) = u**3 + 6*u**2 + 6*u - 1. Let r be n(-5). Let a be (-93)/(-5) + r/(-15). Let h = a + -10. What is the units digit of h?
9
Suppose 6*p - 2*p - 192 = 0. What is the units digit of (-2 + p/20)*5?
2
Let s(d) = -10*d + 7. What is the tens digit of s(-6)?
6
Let u be 2954/35 - 2/5. Let c = u - 44. Suppose c = 2*p - 5*s, 5*p - 5*s - 58 = -3*s. What is the tens digit of p?
1
Suppose -210 = -4*m - 3*l + 85, 3*m - 185 = 5*l. Suppose -5*c + m + 20 = 0. What is the tens digit of c?
1
Suppose -1584 + 256 = -4*p. What is the hundreds digit of p?
3
Suppose -z - 34 = 3*f, 2*f = -1 + 5. Let r = z + 58. What is the units digit of r?
8
Let j be 2 - (-1 - (-1 - -70)). Suppose -j = -5*l + 48. What is the units digit of l?
4
Let z(x) = x + 9. Let v be z(-4). Let g be v/(-25) - 26/(-5). Suppose 3*c = 2*c + h + 5, 0 = 2*c - g*h - 13. What is the units digit of c?
4
Let l = -6 - -2. Let a(g) = -6*g - g - 2*g + 8*g + 3. What is the units digit of a(l)?
7
What is the units digit of -3 - (3 - (184 + 1))?
9
Let i = -38 - -4. Let p = i + 58. What is the tens digit of p?
2
What is the units digit of (-532 - (-2 + -4))*2/(-4)?
3
Suppose v = 4*v. Suppose -5*k + 50 = -v*k. What is the units digit of k?
0
Let j(y) = 2*y + 2*y - 4 - 3*y. Let h be 2 + 9 + 0 + -1. What is the units digit of j(h)?
6
Let d(q) = -q**3 + 9*q**2 - q - 1. Let w be d(8). Suppose 3*j - w = -2*j. What is the units digit of j?
1
Let f = -65 + 104. What is the tens digit of f?
3
Suppose 2*s - 5*c = 178, -6*s - 5*c - 430 = -11*s. What is the units digit of s?
4
Let q(n) = -4*n**3 + n**2 - 1. Let d be q(-1). Suppose -10 = -d*x + 10. What is the units digit of x?
5
Suppose 0 = -f + 2*f - 4, 5*f - 24 = -z. Let n = 7 + z. What is the tens digit of n?
1
Let p(g) = -g**3 + 5*g**2 + 3*g - 3. Let a be -6*2*3/(-9). Let j be p(a). Suppose 2*l - 3*n = j, -4*n - n = 25. What is the units digit of l?
5
Suppose 0 = 2*k + 2*k - 292. What is the units digit of k?
3
What is the tens digit of 2674/21 + (-1*2)/6?
2
Let j(o) = 6*o - 2. Let w be j(-3). Let t = w + 90. Suppose p = 8*s - 3*s - t, -5*s + 40 = 5*p. What is the tens digit of s?
1
Suppose o - 4*o + 288 = 0. What is the units digit of o?
6
What is the units digit of (-236)/(-8) - (-2)/4?
0
Let x = 35 - -1. What is the units digit of x?
6
Let s(y) = -y + 9. Let t be s(7). Suppose -5*q = -t*q - 57. What is the units digit of q?
9
Suppose -1 - 23 = 3*g. Let r =